?
3
Let l = 21 - 25. Let t(z) = -18*z - 13. Let w be t(l). Calculate the greatest common factor of w and 354.
59
Let v(p) = 0*p - 2*p - p - 37 + 0. Let i be v(-19). What is the highest common factor of i and 40?
20
Suppose 0 = -2*a + 39 + 9. Let o be 2/1*324/a. Let m be (6/8)/(1/4). What is the greatest common divisor of o and m?
3
Let o(w) = -5*w + 34. Let d be o(-16). Calculate the greatest common divisor of d and 66.
6
Let z(y) = -85*y + 10. Let o be z(4). Let c = o - -484. Suppose -2*m - 14 = -u - c, -5*u + 140 = 2*m. Calculate the greatest common divisor of m and 28.
14
Let j = -48 + 372. What is the greatest common divisor of 36 and j?
36
Let i = 4 - -2. Suppose 3*p + c - 373 = i*c, 0 = 2*p - 3*c - 249. Calculate the greatest common divisor of 18 and p.
18
Let l(u) = -12 + 4 - 9 - 5*u. Suppose -b + 5 = 5*x, b + 4*x + 12 = 15. Let s be l(b). Calculate the highest common factor of s and 8.
8
Suppose -11*l + 3 = -10*l. Suppose x = 17 - l. What is the highest common factor of 14 and x?
14
Let q be (-538)/(-4) - (-8 + (-225)/(-30)). Calculate the highest common factor of q and 216.
27
Let n be (-87)/(-9) - 4/6. Let v be 22/(-5) - 22/(-55). Let d(p) = -p**3 + 2*p + 7. Let u be d(v). Calculate the highest common divisor of u and n.
9
Let o be 60/(-8)*(-124)/3. Let f be (-1)/(-6) - o/(-12). Suppose 5*h - f = 3*h. Calculate the greatest common factor of 13 and h.
13
Suppose -4*v + 4*b = -96, v - 5*b + 17 - 41 = 0. Let q = 212 - -186. Suppose 2*r - q = 34. What is the greatest common factor of v and r?
24
Let x be 152/1 + 0 + 2. What is the greatest common divisor of 11 and x?
11
Let s be (-135)/10*11*26/(-39). Calculate the greatest common divisor of s and 495.
99
Let t = 7 - 0. Suppose t*b = 3*b. Suppose b = -s + 21 - 7. What is the greatest common factor of 70 and s?
14
Suppose 0*i - 945 = -5*i. Suppose 3*a - 9 = -0, -3*l - 3*a = -i. What is the greatest common divisor of 40 and l?
20
Suppose 2*o - 1 - 3 = 0. Suppose -1 = -o*n + 3. Let b = -1432 + 1448. What is the greatest common divisor of n and b?
2
Let o(s) = s + 42. Let q be o(0). Let j be 2 - (0 + -3 - (-10)/10). Let f be 4 - ((-24)/2)/j. What is the greatest common factor of q and f?
7
Let v(z) = -13*z**2 + 123*z. Let w be v(9). Let y(h) = h**2 + 3*h + 2. Let n be y(-4). Calculate the greatest common divisor of n and w.
6
Let u(z) = z**3 - 5*z**2 + 5*z + 2. Let w be u(6). Let t = -54 + w. Calculate the greatest common factor of 126 and t.
14
Let g be -6*(39/(-9) - -2). Suppose 22*o - 2660 = -16*o. Calculate the greatest common divisor of g and o.
14
Let z(a) = a + 15. Let j be z(0). Suppose 85 = o + 5*u, o - 202 = -o - 2*u. Calculate the highest common divisor of j and o.
15
Suppose 5*n = -2 + 27. Let a(k) = -k**3 + 6*k**2 - 6*k + 3. Let v be a(n). Let w be (4/(-8))/(v/68). What is the greatest common factor of 153 and w?
17
Suppose -3*u + 4*b + 3 = 0, -2 = 4*u + 3*b - 31. Suppose -2*y - u*q + 42 = 0, -2*y - 4*q + 5 = -3*y. What is the greatest common divisor of y and 121?
11
Let g be 4/(-5*8/(-20)). Suppose 2*m - 4*h - 48 = 0, -g*m - 20 = -5*h - 65. Let k(a) = a - 7. Let v be k(22). Calculate the highest common divisor of m and v.
15
Suppose 21*s = 20*s + 392. What is the greatest common factor of 49 and s?
49
Suppose -119 - 153 = -4*b. Let y(r) = 29*r**2 - 4*r - 6. Let h be y(2). What is the greatest common divisor of h and b?
34
Let i be (-102)/(((-6 - 0)/3)/1). Calculate the highest common factor of 2142 and i.
51
Suppose 5*v - 40 = m, 43 = 3*v - 3*m + 7. Suppose -v - 23 = 3*q. Let c be 5/1*(-76)/q. Calculate the highest common factor of c and 57.
19
Suppose -g + 3 = d, -3*g + 3 = 2*d - 5. What is the greatest common factor of g and 22?
2
Suppose 472 = 11*d - 3*d. Calculate the highest common factor of d and 531.
59
Suppose -3*n - 2*n = 5*h - 145, -2*h + 5*n + 23 = 0. Let g be (-24)/(-32) + 146/8. Let d = g - 11. What is the greatest common factor of d and h?
8
Let g = -45 + 60. Let h(w) = 4*w - 8*w + 9 - 8*w. Let l be h(-8). What is the highest common divisor of g and l?
15
Let z = 5462 + -5392. Let u(t) = -t**3 - 6*t**2 + 4*t - 7. Let p be u(-7). What is the greatest common factor of p and z?
14
Let a(w) = w**3 - 14*w**2 - 20*w - 4. Let n be a(20). Let t be (n + 0)/4 + 1. Let m be (t/(-30))/(2/(-12)). Calculate the highest common divisor of 20 and m.
20
Let g = -30 - -72. Let j be (19 - (0 - -5)) + -8. Calculate the highest common divisor of g and j.
6
Let u be (3/(-3) + 1)/2 - 4. Let c(t) = -2*t**3 - 7*t**2 - 4*t - 2. Let l be c(u). What is the highest common divisor of l and 6?
6
Suppose 4*d - 2*p = 436, -558 = -5*d - 5*p + p. Suppose -6*v + 70 = -308. Let q be v/3 + 1 + 0. Calculate the greatest common divisor of d and q.
22
Let t(z) = 5*z**2 + 10*z - 19. Let c be t(6). What is the highest common divisor of 34 and c?
17
Let q be 144*(6/(-8) - 0). Let m(t) = 56*t. Let d be m(3). Let b = d + q. What is the greatest common factor of 6 and b?
6
Let b(d) = 6*d**2 - d - 8. Let w be b(2). What is the greatest common factor of 4 and w?
2
Let i = 97 - 62. Let u = 2 + -1. Let q be ((-3)/(-5) - u)*-35. Calculate the highest common divisor of q and i.
7
Let r(d) = -d - 3. Let t be r(-4). Suppose 4*s + 4*o = 56, o + 0*o = 2*s - 13. What is the highest common factor of s and t?
1
Let u(c) = -c**2 - 6*c - 8. Let v be 27/3*(-8)/12. Let m be u(v). Let l be (-49)/(-4) + 2/m. What is the highest common divisor of 3 and l?
3
Let v = -243 + -7. Let g be ((-3)/5)/(10/v). What is the greatest common factor of g and 75?
15
Let b be 4 - 3/(-2)*(-28)/(-6). Let s be 828/15 - 1/5. Calculate the highest common factor of s and b.
11
Let i(b) be the third derivative of -b**4/6 - 5*b**3/3 + 8*b**2. Suppose 3*z + 30 = -3*z. Let j be i(z). What is the highest common divisor of j and 90?
10
Suppose -23*q + 3*q = -960. Let z be (-3 - -6)/(-3) + 1 - -24. Calculate the greatest common divisor of z and q.
24
Let u be (-44)/(-352) - (4 - (-398)/(-16)). Let x = -50 + 85. Calculate the greatest common factor of x and u.
7
Suppose 0 = -141*w + 114*w + 8640. What is the greatest common divisor of 10 and w?
10
Suppose -71*g + 80*g = 1449. What is the greatest common divisor of g and 69?
23
Let g = -8 + 2. Let f(l) = l**2 + 4*l + 10. Let o be f(g). Let c = o + -12. What is the highest common factor of 60 and c?
10
Suppose 4 = r + 2. Let b be (2 - (-177)/(-6))*r. Let v = b + 103. What is the greatest common factor of v and 12?
12
Let t = 3259 + -3251. Suppose 0 = 2*k + 2*r - 4, 0 = -5*k - 3*r - 0 + 2. Let a be (-2)/k + 1 + -1. What is the greatest common divisor of t and a?
1
Suppose 2*b - 184 = 6*b. Let w = 73 + b. What is the greatest common divisor of 27 and w?
27
Suppose 0 = 114*y - 112*y. Suppose 2*o + s - 91 = y, -5*o + s + 89 = -128. Calculate the highest common divisor of o and 22.
22
Let c(n) = -38*n - 635. Let u be c(-48). Calculate the highest common divisor of 164 and u.
41
Suppose -7 = -b + 110. Let o = 63 + b. Suppose o = 12*z - 7*z. Calculate the greatest common divisor of z and 18.
18
Let y(t) = -t**3 + 3*t**2 + 7*t + 4. Let x = 31 + -27. Suppose -k = -x - 0. Let c be y(k). What is the highest common divisor of c and 32?
16
Let d(f) = -21*f**3 + f**2 + 2*f - 8. Let j be d(-2). What is the greatest common factor of j and 120?
40
Suppose -20 = -2*r - 0*q + 2*q, r - 18 = -q. Let m = 37 - r. Let s(n) = n**2 + 9*n + 13. Let z be s(-10). What is the greatest common divisor of m and z?
23
Suppose 8*a - 34 = 406. Suppose 6*t - a = -7. What is the highest common divisor of 40 and t?
8
Let r = -18 - -20. Suppose 10 = -3*n + 5*n + r*v, 3*n - v + 1 = 0. What is the greatest common factor of n and 2?
1
Let g be -9 + 299/4*4. Calculate the greatest common factor of 40 and g.
10
Suppose 0 = 37*t - 126 - 244. Suppose -14 = -q - a, 3*a = 5*q - 4 - 34. What is the greatest common divisor of q and t?
10
Let a = 103 + -63. Calculate the greatest common divisor of a and 100.
20
Suppose 26*k + 42 = 28*k. Suppose k = -y + 4*y. Calculate the greatest common divisor of y and 112.
7
Let l be -1 + 2/(-4)*-14. Let c(x) = 1 + 4 + 3 - 2*x**2 - l - 30*x**3 + x. Let i be c(-1). What is the highest common divisor of i and 203?
29
Let h be (-20)/((8/10)/(-2)). Let j = 1779 - 1769. Calculate the greatest common divisor of h and j.
10
Let 